[INFO] fetching crate tokio-coap 0.2.0...
[INFO] checking tokio-coap-0.2.0 against master#9610dfe5a9a731ced1ea4923ecbd0c57fe367898 for beta-170-4
[INFO] extracting crate tokio-coap 0.2.0 into /workspace/builds/worker-4-tc1/source
[INFO] validating manifest of crates.io crate tokio-coap 0.2.0 on toolchain 9610dfe5a9a731ced1ea4923ecbd0c57fe367898
[INFO] running `Command { std: CARGO_HOME="/workspace/cargo-home" RUSTUP_HOME="/workspace/rustup-home" "/workspace/cargo-home/bin/cargo" "+9610dfe5a9a731ced1ea4923ecbd0c57fe367898" "metadata" "--manifest-path" "Cargo.toml" "--no-deps", kill_on_drop: false }`
[INFO] started tweaking crates.io crate tokio-coap 0.2.0
[INFO] finished tweaking crates.io crate tokio-coap 0.2.0
[INFO] tweaked toml for crates.io crate tokio-coap 0.2.0 written to /workspace/builds/worker-4-tc1/source/Cargo.toml
[INFO] running `Command { std: CARGO_HOME="/workspace/cargo-home" RUSTUP_HOME="/workspace/rustup-home" __CARGO_TEST_CHANNEL_OVERRIDE_DO_NOT_USE_THIS="nightly" "/workspace/cargo-home/bin/cargo" "+9610dfe5a9a731ced1ea4923ecbd0c57fe367898" "generate-lockfile" "--manifest-path" "Cargo.toml" "-Zno-index-update", kill_on_drop: false }`
[INFO] [stderr]     Blocking waiting for file lock on package cache
[INFO] running `Command { std: CARGO_HOME="/workspace/cargo-home" RUSTUP_HOME="/workspace/rustup-home" "/workspace/cargo-home/bin/cargo" "+9610dfe5a9a731ced1ea4923ecbd0c57fe367898" "fetch" "--manifest-path" "Cargo.toml", kill_on_drop: false }`
[INFO] [stderr]  Downloading crates ...
[INFO] [stderr]   Downloaded tokio-fs v0.1.7
[INFO] [stderr]   Downloaded tokio-udp v0.1.6
[INFO] [stderr]   Downloaded tokio-codec v0.1.2
[INFO] [stderr]   Downloaded tokio-uds v0.2.7
[INFO] [stderr]   Downloaded smallvec v0.5.1
[INFO] running `Command { std: "docker" "create" "-v" "/var/lib/crater-agent-workspace/builds/worker-4-tc1/target:/opt/rustwide/target:rw,Z" "-v" "/var/lib/crater-agent-workspace/builds/worker-4-tc1/source:/opt/rustwide/workdir:ro,Z" "-v" "/var/lib/crater-agent-workspace/cargo-home:/opt/rustwide/cargo-home:ro,Z" "-v" "/var/lib/crater-agent-workspace/rustup-home:/opt/rustwide/rustup-home:ro,Z" "-e" "SOURCE_DIR=/opt/rustwide/workdir" "-e" "CARGO_TARGET_DIR=/opt/rustwide/target" "-e" "CARGO_HOME=/opt/rustwide/cargo-home" "-e" "RUSTUP_HOME=/opt/rustwide/rustup-home" "-w" "/opt/rustwide/workdir" "-m" "1610612736" "--user" "0:0" "--network" "none" "ghcr.io/rust-lang/crates-build-env/linux@sha256:19e73879b68f455e41552ea35293514db52ea292d993f571636dbffedb77a1ee" "/opt/rustwide/cargo-home/bin/cargo" "+9610dfe5a9a731ced1ea4923ecbd0c57fe367898" "metadata" "--no-deps" "--format-version=1", kill_on_drop: false }`
[INFO] [stdout] bd7be244ea23ab7486a3c5aca6f25d0bfd72c774adb1a41c60bf1c3d8cb25552
[INFO] running `Command { std: "docker" "start" "-a" "bd7be244ea23ab7486a3c5aca6f25d0bfd72c774adb1a41c60bf1c3d8cb25552", kill_on_drop: false }`
[INFO] running `Command { std: "docker" "inspect" "bd7be244ea23ab7486a3c5aca6f25d0bfd72c774adb1a41c60bf1c3d8cb25552", kill_on_drop: false }`
[INFO] running `Command { std: "docker" "rm" "-f" "bd7be244ea23ab7486a3c5aca6f25d0bfd72c774adb1a41c60bf1c3d8cb25552", kill_on_drop: false }`
[INFO] [stdout] bd7be244ea23ab7486a3c5aca6f25d0bfd72c774adb1a41c60bf1c3d8cb25552
[INFO] running `Command { std: "docker" "create" "-v" "/var/lib/crater-agent-workspace/builds/worker-4-tc1/target:/opt/rustwide/target:rw,Z" "-v" "/var/lib/crater-agent-workspace/builds/worker-4-tc1/source:/opt/rustwide/workdir:ro,Z" "-v" "/var/lib/crater-agent-workspace/cargo-home:/opt/rustwide/cargo-home:ro,Z" "-v" "/var/lib/crater-agent-workspace/rustup-home:/opt/rustwide/rustup-home:ro,Z" "-e" "SOURCE_DIR=/opt/rustwide/workdir" "-e" "CARGO_TARGET_DIR=/opt/rustwide/target" "-e" "CARGO_INCREMENTAL=0" "-e" "RUST_BACKTRACE=full" "-e" "RUSTFLAGS=--cap-lints=forbid" "-e" "RUSTDOCFLAGS=--cap-lints=forbid" "-e" "CARGO_HOME=/opt/rustwide/cargo-home" "-e" "RUSTUP_HOME=/opt/rustwide/rustup-home" "-w" "/opt/rustwide/workdir" "-m" "1610612736" "--user" "0:0" "--network" "none" "ghcr.io/rust-lang/crates-build-env/linux@sha256:19e73879b68f455e41552ea35293514db52ea292d993f571636dbffedb77a1ee" "/opt/rustwide/cargo-home/bin/cargo" "+9610dfe5a9a731ced1ea4923ecbd0c57fe367898" "check" "--frozen" "--all" "--all-targets" "--message-format=json", kill_on_drop: false }`
[INFO] [stdout] f1a00c0a532ca8cf6fea9919ca3c9ea42b3af4685584732d50386fe5437f4c3b
[INFO] running `Command { std: "docker" "start" "-a" "f1a00c0a532ca8cf6fea9919ca3c9ea42b3af4685584732d50386fe5437f4c3b", kill_on_drop: false }`
[INFO] [stderr]    Compiling crossbeam-utils v0.7.2
[INFO] [stderr]     Checking futures v0.1.31
[INFO] [stderr]    Compiling memoffset v0.5.6
[INFO] [stderr]    Compiling crossbeam-epoch v0.8.2
[INFO] [stderr]    Compiling regex v0.2.11
[INFO] [stderr]     Checking ucd-util v0.1.10
[INFO] [stderr]     Checking thread_local v0.3.6
[INFO] [stderr]     Checking utf8-ranges v1.0.5
[INFO] [stderr]     Checking smallvec v0.5.1
[INFO] [stderr]     Checking iovec v0.1.4
[INFO] [stderr]    Compiling parking_lot_core v0.6.3
[INFO] [stderr]     Checking num_cpus v1.15.0
[INFO] [stderr]     Checking net2 v0.2.38
[INFO] [stderr]     Checking smallvec v0.6.14
[INFO] [stderr]     Checking aho-corasick v0.6.10
[INFO] [stderr]     Checking log v0.3.9
[INFO] [stderr]     Checking regex-syntax v0.5.6
[INFO] [stderr]     Checking bytes v0.4.12
[INFO] [stderr]     Checking mio v0.6.23
[INFO] [stderr]     Checking crossbeam-queue v0.2.3
[INFO] [stderr]     Checking parking_lot v0.9.0
[INFO] [stderr]     Checking crossbeam-deque v0.7.4
[INFO] [stderr]     Checking mio-uds v0.6.8
[INFO] [stderr]     Checking tokio-executor v0.1.10
[INFO] [stderr]     Checking tokio-io v0.1.13
[INFO] [stderr]     Checking tokio-sync v0.1.8
[INFO] [stderr]     Checking tokio-threadpool v0.1.18
[INFO] [stderr]     Checking tokio-current-thread v0.1.7
[INFO] [stderr]     Checking tokio-timer v0.2.13
[INFO] [stderr]     Checking tokio-reactor v0.1.12
[INFO] [stderr]     Checking tokio-codec v0.1.2
[INFO] [stderr]     Checking tokio-fs v0.1.7
[INFO] [stderr]     Checking tokio-tcp v0.1.4
[INFO] [stderr]     Checking tokio-udp v0.1.6
[INFO] [stderr]     Checking tokio-uds v0.2.7
[INFO] [stderr]     Checking tokio v0.1.22
[INFO] [stderr]     Checking env_logger v0.4.3
[INFO] [stderr]     Checking tokio-coap v0.2.0 (/opt/rustwide/workdir)
[INFO] [stdout] warning: anonymous parameters are deprecated and will be removed in the next edition
[INFO] [stdout]   --> src/message/option/mod.rs:81:12
[INFO] [stdout]    |
[INFO] [stdout] 81 |     fn new(Self::Format) -> Self;
[INFO] [stdout]    |            ^^^^^^^^^^^^ help: try naming the parameter or explicitly ignoring it: `_: Self::Format`
[INFO] [stdout]    |
[INFO] [stdout]    = warning: this is accepted in the current edition (Rust 2015) but is a hard error in Rust 2018!
[INFO] [stdout]    = note: for more information, see issue #41686 <https://github.com/rust-lang/rust/issues/41686>
[INFO] [stdout]    = note: `#[warn(anonymous_parameters)]` on by default
[INFO] [stdout] 
[INFO] [stdout] 
[INFO] [stdout] warning: `...` range patterns are deprecated
[INFO] [stdout]    --> src/message/option/mod.rs:102:10
[INFO] [stdout]     |
[INFO] [stdout] 102 |         0...12 => delta,
[INFO] [stdout]     |          ^^^ help: use `..=` for an inclusive range
[INFO] [stdout]     |
[INFO] [stdout]     = warning: this is accepted in the current edition (Rust 2015) but is a hard error in Rust 2021!
[INFO] [stdout]     = note: for more information, see <https://doc.rust-lang.org/nightly/edition-guide/rust-2021/warnings-promoted-to-error.html>
[INFO] [stdout]     = note: `#[warn(ellipsis_inclusive_range_patterns)]` on by default
[INFO] [stdout] 
[INFO] [stdout] 
[INFO] [stdout] warning: `...` range patterns are deprecated
[INFO] [stdout]    --> src/message/option/mod.rs:103:11
[INFO] [stdout]     |
[INFO] [stdout] 103 |         13...268 => {
[INFO] [stdout]     |           ^^^ help: use `..=` for an inclusive range
[INFO] [stdout]     |
[INFO] [stdout]     = warning: this is accepted in the current edition (Rust 2015) but is a hard error in Rust 2021!
[INFO] [stdout]     = note: for more information, see <https://doc.rust-lang.org/nightly/edition-guide/rust-2021/warnings-promoted-to-error.html>
[INFO] [stdout] 
[INFO] [stdout] 
[INFO] [stdout] warning: anonymous parameters are deprecated and will be removed in the next edition
[INFO] [stdout]   --> src/message/option/mod.rs:81:12
[INFO] [stdout]    |
[INFO] [stdout] 81 |     fn new(Self::Format) -> Self;
[INFO] [stdout]    |            ^^^^^^^^^^^^ help: try naming the parameter or explicitly ignoring it: `_: Self::Format`
[INFO] [stdout]    |
[INFO] [stdout]    = warning: this is accepted in the current edition (Rust 2015) but is a hard error in Rust 2018!
[INFO] [stdout]    = note: for more information, see issue #41686 <https://github.com/rust-lang/rust/issues/41686>
[INFO] [stdout]    = note: `#[warn(anonymous_parameters)]` on by default
[INFO] [stdout] 
[INFO] [stdout] 
[INFO] [stdout] warning: `...` range patterns are deprecated
[INFO] [stdout]    --> src/message/option/mod.rs:107:12
[INFO] [stdout]     |
[INFO] [stdout] 107 |         269...64999 => {
[INFO] [stdout]     |            ^^^ help: use `..=` for an inclusive range
[INFO] [stdout]     |
[INFO] [stdout]     = warning: this is accepted in the current edition (Rust 2015) but is a hard error in Rust 2021!
[INFO] [stdout]     = note: for more information, see <https://doc.rust-lang.org/nightly/edition-guide/rust-2021/warnings-promoted-to-error.html>
[INFO] [stdout] 
[INFO] [stdout] 
[INFO] [stdout] warning: `...` range patterns are deprecated
[INFO] [stdout]    --> src/message/option/mod.rs:102:10
[INFO] [stdout]     |
[INFO] [stdout] 102 |         0...12 => delta,
[INFO] [stdout]     |          ^^^ help: use `..=` for an inclusive range
[INFO] [stdout]     |
[INFO] [stdout]     = warning: this is accepted in the current edition (Rust 2015) but is a hard error in Rust 2021!
[INFO] [stdout]     = note: for more information, see <https://doc.rust-lang.org/nightly/edition-guide/rust-2021/warnings-promoted-to-error.html>
[INFO] [stdout]     = note: `#[warn(ellipsis_inclusive_range_patterns)]` on by default
[INFO] [stdout] 
[INFO] [stdout] 
[INFO] [stdout] warning: `...` range patterns are deprecated
[INFO] [stdout]    --> src/message/option/mod.rs:116:10
[INFO] [stdout]     |
[INFO] [stdout] 116 |         0...12 => length,
[INFO] [stdout]     |          ^^^ help: use `..=` for an inclusive range
[INFO] [stdout]     |
[INFO] [stdout]     = warning: this is accepted in the current edition (Rust 2015) but is a hard error in Rust 2021!
[INFO] [stdout]     = note: for more information, see <https://doc.rust-lang.org/nightly/edition-guide/rust-2021/warnings-promoted-to-error.html>
[INFO] [stdout] 
[INFO] [stdout] 
[INFO] [stdout] warning: `...` range patterns are deprecated
[INFO] [stdout]    --> src/message/option/mod.rs:117:11
[INFO] [stdout]     |
[INFO] [stdout] 117 |         13...268 => {
[INFO] [stdout]     |           ^^^ help: use `..=` for an inclusive range
[INFO] [stdout]     |
[INFO] [stdout]     = warning: this is accepted in the current edition (Rust 2015) but is a hard error in Rust 2021!
[INFO] [stdout]     = note: for more information, see <https://doc.rust-lang.org/nightly/edition-guide/rust-2021/warnings-promoted-to-error.html>
[INFO] [stdout] 
[INFO] [stdout] 
[INFO] [stdout] warning: `...` range patterns are deprecated
[INFO] [stdout]    --> src/message/option/mod.rs:103:11
[INFO] [stdout]     |
[INFO] [stdout] 103 |         13...268 => {
[INFO] [stdout]     |           ^^^ help: use `..=` for an inclusive range
[INFO] [stdout]     |
[INFO] [stdout]     = warning: this is accepted in the current edition (Rust 2015) but is a hard error in Rust 2021!
[INFO] [stdout]     = note: for more information, see <https://doc.rust-lang.org/nightly/edition-guide/rust-2021/warnings-promoted-to-error.html>
[INFO] [stdout] 
[INFO] [stdout] 
[INFO] [stdout] warning: `...` range patterns are deprecated
[INFO] [stdout]    --> src/message/option/mod.rs:107:12
[INFO] [stdout]     |
[INFO] [stdout] 107 |         269...64999 => {
[INFO] [stdout]     |            ^^^ help: use `..=` for an inclusive range
[INFO] [stdout]     |
[INFO] [stdout]     = warning: this is accepted in the current edition (Rust 2015) but is a hard error in Rust 2021!
[INFO] [stdout]     = note: for more information, see <https://doc.rust-lang.org/nightly/edition-guide/rust-2021/warnings-promoted-to-error.html>
[INFO] [stdout] 
[INFO] [stdout] 
[INFO] [stdout] warning: `...` range patterns are deprecated
[INFO] [stdout]    --> src/message/option/mod.rs:121:12
[INFO] [stdout]     |
[INFO] [stdout] 121 |         269...64999 => {
[INFO] [stdout]     |            ^^^ help: use `..=` for an inclusive range
[INFO] [stdout]     |
[INFO] [stdout]     = warning: this is accepted in the current edition (Rust 2015) but is a hard error in Rust 2021!
[INFO] [stdout]     = note: for more information, see <https://doc.rust-lang.org/nightly/edition-guide/rust-2021/warnings-promoted-to-error.html>
[INFO] [stdout] 
[INFO] [stdout] 
[INFO] [stdout] warning: `...` range patterns are deprecated
[INFO] [stdout]    --> src/message/option/mod.rs:116:10
[INFO] [stdout]     |
[INFO] [stdout] 116 |         0...12 => length,
[INFO] [stdout]     |          ^^^ help: use `..=` for an inclusive range
[INFO] [stdout]     |
[INFO] [stdout]     = warning: this is accepted in the current edition (Rust 2015) but is a hard error in Rust 2021!
[INFO] [stdout]     = note: for more information, see <https://doc.rust-lang.org/nightly/edition-guide/rust-2021/warnings-promoted-to-error.html>
[INFO] [stdout] 
[INFO] [stdout] 
[INFO] [stdout] warning: `...` range patterns are deprecated
[INFO] [stdout]    --> src/message/mod.rs:252:22
[INFO] [stdout]     |
[INFO] [stdout] 252 |                 d @ 0...12 => d as u16,
[INFO] [stdout]     |                      ^^^ help: use `..=` for an inclusive range
[INFO] [stdout]     |
[INFO] [stdout]     = warning: this is accepted in the current edition (Rust 2015) but is a hard error in Rust 2021!
[INFO] [stdout]     = note: for more information, see <https://doc.rust-lang.org/nightly/edition-guide/rust-2021/warnings-promoted-to-error.html>
[INFO] [stdout] 
[INFO] [stdout] 
[INFO] [stdout] warning: `...` range patterns are deprecated
[INFO] [stdout]    --> src/message/option/mod.rs:117:11
[INFO] [stdout]     |
[INFO] [stdout] 117 |         13...268 => {
[INFO] [stdout]     |           ^^^ help: use `..=` for an inclusive range
[INFO] [stdout]     |
[INFO] [stdout]     = warning: this is accepted in the current edition (Rust 2015) but is a hard error in Rust 2021!
[INFO] [stdout]     = note: for more information, see <https://doc.rust-lang.org/nightly/edition-guide/rust-2021/warnings-promoted-to-error.html>
[INFO] [stdout] 
[INFO] [stdout] 
[INFO] [stdout] warning: `...` range patterns are deprecated
[INFO] [stdout]    --> src/message/mod.rs:265:22
[INFO] [stdout]     |
[INFO] [stdout] 265 |                 d @ 0...12 => d as u16,
[INFO] [stdout]     |                      ^^^ help: use `..=` for an inclusive range
[INFO] [stdout]     |
[INFO] [stdout]     = warning: this is accepted in the current edition (Rust 2015) but is a hard error in Rust 2021!
[INFO] [stdout]     = note: for more information, see <https://doc.rust-lang.org/nightly/edition-guide/rust-2021/warnings-promoted-to-error.html>
[INFO] [stdout] 
[INFO] [stdout] 
[INFO] [stdout] warning: `...` range patterns are deprecated
[INFO] [stdout]    --> src/message/option/mod.rs:121:12
[INFO] [stdout]     |
[INFO] [stdout] 121 |         269...64999 => {
[INFO] [stdout]     |            ^^^ help: use `..=` for an inclusive range
[INFO] [stdout]     |
[INFO] [stdout]     = warning: this is accepted in the current edition (Rust 2015) but is a hard error in Rust 2021!
[INFO] [stdout]     = note: for more information, see <https://doc.rust-lang.org/nightly/edition-guide/rust-2021/warnings-promoted-to-error.html>
[INFO] [stdout] 
[INFO] [stdout] 
[INFO] [stdout] warning: `...` range patterns are deprecated
[INFO] [stdout]    --> src/message/mod.rs:252:22
[INFO] [stdout]     |
[INFO] [stdout] 252 |                 d @ 0...12 => d as u16,
[INFO] [stdout]     |                      ^^^ help: use `..=` for an inclusive range
[INFO] [stdout]     |
[INFO] [stdout]     = warning: this is accepted in the current edition (Rust 2015) but is a hard error in Rust 2021!
[INFO] [stdout]     = note: for more information, see <https://doc.rust-lang.org/nightly/edition-guide/rust-2021/warnings-promoted-to-error.html>
[INFO] [stdout] 
[INFO] [stdout] 
[INFO] [stdout] warning: `...` range patterns are deprecated
[INFO] [stdout]    --> src/message/mod.rs:265:22
[INFO] [stdout]     |
[INFO] [stdout] 265 |                 d @ 0...12 => d as u16,
[INFO] [stdout]     |                      ^^^ help: use `..=` for an inclusive range
[INFO] [stdout]     |
[INFO] [stdout]     = warning: this is accepted in the current edition (Rust 2015) but is a hard error in Rust 2021!
[INFO] [stdout]     = note: for more information, see <https://doc.rust-lang.org/nightly/edition-guide/rust-2021/warnings-promoted-to-error.html>
[INFO] [stdout] 
[INFO] [stdout] 
[INFO] [stdout] warning: 9 warnings emitted
[INFO] [stdout] 
[INFO] [stdout] 
[INFO] [stdout] warning: 9 warnings emitted
[INFO] [stdout] 
[INFO] [stdout] 
[INFO] [stdout] error[E0308]: mismatched types
[INFO] [stdout]   --> benches/message.rs:17:20
[INFO] [stdout]    |
[INFO] [stdout] 17 |             token: vec![34,65],
[INFO] [stdout]    |                    ^^^^^^^^^^^ expected `SmallVec<[u8; 8]>`, found `Vec<{integer}>`
[INFO] [stdout]    |
[INFO] [stdout]    = note: expected struct `smallvec::SmallVec<[u8; 8]>`
[INFO] [stdout]               found struct `Vec<{integer}>`
[INFO] [stdout]    = note: this error originates in the macro `vec` (in Nightly builds, run with -Z macro-backtrace for more info)
[INFO] [stdout] 
[INFO] [stdout] 
[INFO] [stdout] error[E0308]: mismatched types
[INFO] [stdout]   --> benches/message.rs:18:22
[INFO] [stdout]    |
[INFO] [stdout] 18 |             options: vec![],
[INFO] [stdout]    |                      ^^^^^^ expected `Options`, found `Vec<_>`
[INFO] [stdout]    |
[INFO] [stdout]    = note: expected struct `tokio_coap::message::option::Options`
[INFO] [stdout]               found struct `Vec<_>`
[INFO] [stdout]    = note: this error originates in the macro `vec` (in Nightly builds, run with -Z macro-backtrace for more info)
[INFO] [stdout] 
[INFO] [stdout] 
[INFO] [stdout] error[E0308]: mismatched types
[INFO] [stdout]   --> benches/message.rs:32:20
[INFO] [stdout]    |
[INFO] [stdout] 32 |             token: vec![],
[INFO] [stdout]    |                    ^^^^^^ expected `SmallVec<[u8; 8]>`, found `Vec<_>`
[INFO] [stdout]    |
[INFO] [stdout]    = note: expected struct `smallvec::SmallVec<[u8; 8]>`
[INFO] [stdout]               found struct `Vec<_>`
[INFO] [stdout]    = note: this error originates in the macro `vec` (in Nightly builds, run with -Z macro-backtrace for more info)
[INFO] [stdout] 
[INFO] [stdout] 
[INFO] [stdout] warning: trait objects without an explicit `dyn` are deprecated
[INFO] [stdout]   --> benches/message.rs:33:27
[INFO] [stdout]    |
[INFO] [stdout] 33 |             options: vec![Option::UriPath("1a".to_string()),
[INFO] [stdout]    |                           ^^^^^^
[INFO] [stdout]    |
[INFO] [stdout]    = warning: this is accepted in the current edition (Rust 2015) but is a hard error in Rust 2021!
[INFO] [stdout]    = note: for more information, see <https://doc.rust-lang.org/nightly/edition-guide/rust-2021/warnings-promoted-to-error.html>
[INFO] [stdout]    = note: `#[warn(bare_trait_objects)]` on by default
[INFO] [stdout] help: use `dyn`
[INFO] [stdout]    |
[INFO] [stdout] 33 |             options: vec![<dyn Option>::UriPath("1a".to_string()),
[INFO] [stdout]    |                           ++++       +
[INFO] [stdout] 
[INFO] [stdout] 
[INFO] [stdout] error[E0191]: the value of the associated type `Format` (from trait `tokio_coap::message::option::Option`) must be specified
[INFO] [stdout]   --> benches/message.rs:33:27
[INFO] [stdout]    |
[INFO] [stdout] 33 |             options: vec![Option::UriPath("1a".to_string()),
[INFO] [stdout]    |                           ^^^^^^ help: specify the associated type: `Option<Format = Type>`
[INFO] [stdout] 
[INFO] [stdout] 
[INFO] [stdout] error[E0599]: no associated item named `UriPath` found for trait object `dyn tokio_coap::message::option::Option` in the current scope
[INFO] [stdout]   --> benches/message.rs:33:35
[INFO] [stdout]    |
[INFO] [stdout] 33 |             options: vec![Option::UriPath("1a".to_string()),
[INFO] [stdout]    |                                   ^^^^^^^ associated item not found in `dyn Option`
[INFO] [stdout] 
[INFO] [stdout] 
[INFO] [stdout] warning: trait objects without an explicit `dyn` are deprecated
[INFO] [stdout]   --> benches/message.rs:34:27
[INFO] [stdout]    |
[INFO] [stdout] 34 |                           Option::UriPath("temp".to_string()),
[INFO] [stdout]    |                           ^^^^^^
[INFO] [stdout]    |
[INFO] [stdout]    = warning: this is accepted in the current edition (Rust 2015) but is a hard error in Rust 2021!
[INFO] [stdout]    = note: for more information, see <https://doc.rust-lang.org/nightly/edition-guide/rust-2021/warnings-promoted-to-error.html>
[INFO] [stdout] help: use `dyn`
[INFO] [stdout]    |
[INFO] [stdout] 34 |                           <dyn Option>::UriPath("temp".to_string()),
[INFO] [stdout]    |                           ++++       +
[INFO] [stdout] 
[INFO] [stdout] 
[INFO] [stdout] error[E0191]: the value of the associated type `Format` (from trait `tokio_coap::message::option::Option`) must be specified
[INFO] [stdout]   --> benches/message.rs:34:27
[INFO] [stdout]    |
[INFO] [stdout] 34 |                           Option::UriPath("temp".to_string()),
[INFO] [stdout]    |                           ^^^^^^ help: specify the associated type: `Option<Format = Type>`
[INFO] [stdout] 
[INFO] [stdout] 
[INFO] [stdout] error[E0599]: no associated item named `UriPath` found for trait object `dyn tokio_coap::message::option::Option` in the current scope
[INFO] [stdout]   --> benches/message.rs:34:35
[INFO] [stdout]    |
[INFO] [stdout] 34 |                           Option::UriPath("temp".to_string()),
[INFO] [stdout]    |                                   ^^^^^^^ associated item not found in `dyn Option`
[INFO] [stdout] 
[INFO] [stdout] 
[INFO] [stdout] warning: trait objects without an explicit `dyn` are deprecated
[INFO] [stdout]   --> benches/message.rs:35:27
[INFO] [stdout]    |
[INFO] [stdout] 35 |                           Option::UriQuery("a32c85ba9dda45823be416246cf8b433baa068d7"
[INFO] [stdout]    |                           ^^^^^^
[INFO] [stdout]    |
[INFO] [stdout]    = warning: this is accepted in the current edition (Rust 2015) but is a hard error in Rust 2021!
[INFO] [stdout]    = note: for more information, see <https://doc.rust-lang.org/nightly/edition-guide/rust-2021/warnings-promoted-to-error.html>
[INFO] [stdout] help: use `dyn`
[INFO] [stdout]    |
[INFO] [stdout] 35 |                           <dyn Option>::UriQuery("a32c85ba9dda45823be416246cf8b433baa068d7"
[INFO] [stdout]    |                           ++++       +
[INFO] [stdout] 
[INFO] [stdout] 
[INFO] [stdout] error[E0191]: the value of the associated type `Format` (from trait `tokio_coap::message::option::Option`) must be specified
[INFO] [stdout]   --> benches/message.rs:35:27
[INFO] [stdout]    |
[INFO] [stdout] 35 |                           Option::UriQuery("a32c85ba9dda45823be416246cf8b433baa068d7"
[INFO] [stdout]    |                           ^^^^^^ help: specify the associated type: `Option<Format = Type>`
[INFO] [stdout] 
[INFO] [stdout] 
[INFO] [stdout] error[E0599]: no associated item named `UriQuery` found for trait object `dyn tokio_coap::message::option::Option` in the current scope
[INFO] [stdout]   --> benches/message.rs:35:35
[INFO] [stdout]    |
[INFO] [stdout] 35 |                           Option::UriQuery("a32c85ba9dda45823be416246cf8b433baa068d7"
[INFO] [stdout]    |                                   ^^^^^^^^ associated item not found in `dyn Option`
[INFO] [stdout] 
[INFO] [stdout] 
[INFO] [stdout] error[E0308]: mismatched types
[INFO] [stdout]   --> benches/message.rs:33:22
[INFO] [stdout]    |
[INFO] [stdout] 33 |               options: vec![Option::UriPath("1a".to_string()),
[INFO] [stdout]    |  ______________________^
[INFO] [stdout] 34 | |                           Option::UriPath("temp".to_string()),
[INFO] [stdout] 35 | |                           Option::UriQuery("a32c85ba9dda45823be416246cf8b433baa068d7"
[INFO] [stdout] 36 | |                               .to_string())],
[INFO] [stdout]    | |____________________________________________^ expected `Options`, found `Vec<_, _>`
[INFO] [stdout]    |
[INFO] [stdout]    = note: expected struct `tokio_coap::message::option::Options`
[INFO] [stdout]               found struct `Vec<_, _>`
[INFO] [stdout]    = note: this error originates in the macro `vec` (in Nightly builds, run with -Z macro-backtrace for more info)
[INFO] [stdout] 
[INFO] [stdout] 
[INFO] [stdout] error: aborting due to 10 previous errors; 3 warnings emitted
[INFO] [stdout] 
[INFO] [stdout] 
[INFO] [stdout] Some errors have detailed explanations: E0191, E0308, E0599.
[INFO] [stdout] 
[INFO] [stdout] For more information about an error, try `rustc --explain E0191`.
[INFO] [stdout] 
[INFO] [stderr] error: could not compile `tokio-coap` (bench "message") due to 11 previous errors; 3 warnings emitted
[INFO] running `Command { std: "docker" "inspect" "f1a00c0a532ca8cf6fea9919ca3c9ea42b3af4685584732d50386fe5437f4c3b", kill_on_drop: false }`
[INFO] running `Command { std: "docker" "rm" "-f" "f1a00c0a532ca8cf6fea9919ca3c9ea42b3af4685584732d50386fe5437f4c3b", kill_on_drop: false }`
[INFO] [stdout] f1a00c0a532ca8cf6fea9919ca3c9ea42b3af4685584732d50386fe5437f4c3b
